 s(6). Let p = -65 - k. What is the greatest common factor of 476 and p?
68
Let o = 154 - 162. Let b be (-30 + 24)*(2 - o/(-3)). Calculate the greatest common factor of b and 56.
4
Let f be (7*12)/(2492/11837). Calculate the highest common factor of 2831 and f.
19
Suppose -27*v + 736 = 115. Suppose 14 + 20 = 2*s - 5*q, -2*s + q = -34. Suppose -s = 2*c - 63. Calculate the highest common factor of v and c.
23
Suppose 0 = -b + 5*b - 448. Let a(i) = i**3 - 4*i**2 - 139*i + 577. Let s be a(4). What is the greatest common factor of s and b?
7
Let m(o) = -84*o**2. Suppose -12*x = -20*x + 8. Let q be m(x). Let v be (q/(-98))/(3/56). What is the greatest common factor of 4 and v?
4
Let t(v) = -v**3 - 2*v**2 + 9*v - 27. Let u be t(-5). Let w be (-4)/20 + (u - (-2016)/30). Calculate the greatest common divisor of 110 and w.
10
Let k be ((-10)/(-4))/((1100/(-160))/(-55)). What is the greatest common factor of 14290 and k?
10
Suppose -5*r + 5*h + 29 = -3*r, -h = -r + 7. Let x be ((r - -13) + -1)/((-19)/(-76)). Calculate the greatest common divisor of x and 8.
8
Let a(j) be the first derivative of 4*j**3/3 + 77*j**2/2 - 49*j - 102. Let l be a(-20). Calculate the highest common factor of 187 and l.
11
Let g(r) = -13*r + 105. Let i(p) = p. Let q(d) = g(d) + 6*i(d). Let t be q(4). Calculate the greatest common factor of 11 and t.
11
Let z(p) = p - 13. Let t be z(16). Suppose 4*c - t*u = 754, -3*c = -4*u + 77 - 646. What is the highest common divisor of c and 22?
11
Let x = 309 + -304. Suppose x*m - 1935 = 24*v - 21*v, -2*m + 788 = -4*v. What is the highest common factor of 32 and m?
32
Suppose -890 = -20*l - 850. What is the highest common divisor of l and 3446?
2
Let u(q) = q**3 + 15*q**2 - 35*q - 14. Suppose 0*d - v = -3*d - 51, 2*d + 34 = 5*v. Let h be u(d). Calculate the highest common factor of 9 and h.
3
Suppose -2*b + 32 = 2*b. Let k = 327 - 346. Let t(p) = 18*p + 398. Let o be t(k). What is the greatest common divisor of o and b?
8
Let g(b) = 2*b - 5. Let r be g(6). Suppose -203*w + 206*w - 198 = -c, -279 = -5*w + 4*c. What is the greatest common factor of r and w?
7
Let n(r) = -7 + r**2 + 3*r + 7*r + 3*r**2 - 5*r**2. Let p be n(5). Let m(z) = 22*z - 39. Let j be m(3). Calculate the highest common divisor of j and p.
9
Let c be (-13)/(-5 - 28/(-6)). Suppose -t + c + 8 = -2*m, -t + 4*m = -37. Calculate the greatest common factor of t and 38.
19
Let x = 526 - 502. Suppose -x*n + 31*n - 364 = 0. What is the highest common divisor of 468 and n?
52
Suppose -2046 = -46*t + 1881 + 811. What is the highest common divisor of t and 29252?
103
Let y = 1611 + -1567. Calculate the greatest common factor of 759 and y.
11
Let g = 18 - 11. Let x(q) = q**3 + 8*q**2 - 26*q - 16. Let s be x(-10). Let y = s - 30. What is the highest common factor of y and g?
7
Let y(b) = b**3 + 36*b**2 - 108*b - 941. Let w be y(-38). Suppose 1 = a - 10. What is the highest common divisor of w and a?
11
Let r(v) = 23*v + 199. Let j be r(-7). Let a = 58 - -94. Calculate the greatest common factor of j and a.
38
Suppose -5*d - m = 188, 2*d + m + 4*m = -89. Let n = d + 33. Let q be (-32)/(-24)*(-6)/n. What is the greatest common factor of q and 5?
1
Suppose -o = -w - w + 9, 11 = -4*o + 3*w. Let t be o + -2 + 3 + -1 + 3. Let h be t/(2*(-8)/(-20)). What is the greatest common divisor of h and 15?
5
Suppose -4*d = -2*h + 12356, -2*h = -3*d + 5*d - 12338. What is the greatest common factor of h and 2?
2
Let b(m) = -19*m - 111. Let n be b(-6). Let k be 276/18*(0 - n/(-1)). What is the greatest common divisor of 23 and k?
23
Let w = 9362 - 9338. Calculate the greatest common divisor of 4608 and w.
24
Suppose 2*a - 362 = -2*s, 0 = s - 6*s + a + 875. What is the highest common divisor of s and 1136?
16
Suppose -s + 1820 = 3*s. Suppose -1667*c = -1656*c - 143. What is the greatest common divisor of s and c?
13
Suppose 38*k - 990 = 33*k. Calculate the highest common factor of k and 72.
18
Suppose -3318 = -53*c + 50*c - 2*b, -4*c + 2*b = -4410. What is the greatest common factor of 64 and c?
16
Let n(v) = 6*v**3 - 23*v**2 + 57*v - 280. Let b be n(9). Calculate the highest common factor of b and 224.
56
Let s = 7922 - 7910. Let q be (8/10)/(1/360). What is the highest common divisor of s and q?
12
Let c be 8/10 - (-158)/(-1185)*246/(-4). Calculate the greatest common divisor of c and 11871.
9
Let z be (-102)/(-3)*(-25)/(-10). Let q(o) = -o**2 - 7*o - 11. Let n be q(-5). Let j = n + 35. What is the highest common divisor of j and z?
17
Suppose 4*x + 2*b + 14 = 0, -4*b + 20 = -x - 6. Let d(c) = -4*c + 26. Let s be d(x). What is the highest common factor of 40 and s?
10
Suppose 0*u = 4*u + 3*q - 57, 0 = 3*u - 2*q - 30. Suppose -5*x + 2*x + f + 18 = 0, 2*x = -3*f + u. Calculate the greatest common divisor of x and 6.
6
Let q = -114 + 66. Let y = 54 + q. Let u be 1/y - (-5396)/24. Calculate the highest common factor of 45 and u.
45
Suppose x - 31 = -3*x - u, 2*x = 5*u - 1. Suppose -426 = -x*y - 13. What is the greatest common divisor of 413 and y?
59
Suppose 0*f = -f - 1, 5 = -m + 2*f. Let s = -4 - m. Suppose -52 = -s*i - l, -5*i - 3*l - 22 + 106 = 0. Calculate the highest common divisor of 126 and i.
18
Let r = 1028 + -948. What is the greatest common divisor of r and 560?
80
Let f = 5613 + -2073. What is the highest common divisor of f and 12?
12
Let c = 261 + -135. Let z be (-32)/(4*(-3)/c). Calculate the greatest common divisor of 48 and z.
48
Let c be (-6)/8*(-798 - (4 + -6)). Let l = c - 411. Calculate the highest common factor of 62 and l.
62
Suppose -10*h + 16*h - 9*h = 0. Suppose h = t - 30 - 0. What is the greatest common factor of 75 and t?
15
Let f(h) be the first derivative of 2*h**3/3 + h**2 + h - 65. Let j be f(-3). What is the greatest common divisor of 208 and j?
13
Suppose -13*d + 41*d + 42*d = 116970. Calculate the highest common factor of 3 and d.
3
Let h = 1626 - 1622. What is the highest common factor of 3524 and h?
4
Suppose -3*i + 254 = -5*u + 122, 0 = -4*i - 3*u + 176. What is the greatest common divisor of 1001 and i?
11
Let m(r) = -r**2 + 21*r - 9. Let q be 2/(-7) - (-142)/7. Let i be m(q). Suppose -4*p + i = -17. What is the greatest common divisor of p and 21?
7
Suppose -4*w = -392 - 56. Let g be (-1 - 1) + 280 + (-4 - -6). What is the highest common divisor of g and w?
56
Suppose j + 8*f - 8113 = 6*f, 4*f - 16 = 0. Suppose -14175 = -20*q + j. Suppose 5*l = q + 371. What is the greatest common divisor of l and 11?
11
Let p(w) = 9*w**2 - 1144*w + 6837. Let d be p(6). What is the highest common divisor of d and 15?
3
Let v = 41136 + -41117. Suppose k + 2*c - 272 = 0, -k + 2*k = 3*c + 257. What is the greatest common factor of v and k?
19
Let b = -979 + 2747. Calculate the greatest common divisor of 104 and b.
104
Let k(w) = -19*w + 1238. Let h be k(-70). What is the highest common divisor of 120 and h?
24
Suppose -s + 4*y = 70 - 530, -5*y = -s + 454. What is the highest common divisor of 451 and s?
11
Suppose -13*i + 18 = -7*i. Suppose 17 = c - 2*t, -16 - 19 = -i*c + 2*t. Calculate the highest common divisor of c and 15.
3
Let f be (170 - 0)*(0 - -1). Suppose -46 = -11*v + 119. Let u be 116/12 + v/(-9) + 2. What is the greatest common divisor of f and u?
10
Let b be ((-156)/(-8) - -6)*74 - 55/(-11). Calculate the highest common factor of 132 and b.
44
Let x(z) = -51*z + 315. Let p be x(-29). What is the greatest common factor of p and 52?
26
Let m = 2166 + -2094. What is the highest common divisor of 5184 and m?
72
Suppose d + 33329 + 1546 = 46*d. Calculate the greatest common divisor of d and 1705.
155
Let j be 2*1/(-8) + 1355/(-20). Let p = j + 68. Let z(b) = 8*b + 13. Let h be z(p). Calculate the greatest common factor of 104 and h.
13
Let p(m) = -3*m**3 + 42*m**2 - 41*m + 44. Let a be p(13). What is the greatest common factor of 6138 and a?
18
Suppose 0 = -15*x - 19964 + 25634. Calculate the highest common factor of 238 and x.
14
Let y = 3577 - 1944. Calculate the greatest common divisor of 1278 and y.
71
Suppose -19*t + 31 = -45. Suppose -t*z - z = -630. Calculate the highest common divisor of z and 189.
63
Let v be (-32)/192 - 1/((-30)/7415) - -2. Calculate the greatest common factor of 2822 and v.
83
Suppose -15 = -3*v, 2*m = 4*m - 4*v. Let h(y) = -12 - 1 - 5*y + m - 13.